t is the highest common divisor of 42 and w?
14
Suppose -6*p + 15 + 3 = 0. Suppose -109 = -p*f + 62. Suppose 73 = 4*r - 3*h, -4*r - 2 + 74 = -4*h. Calculate the highest common divisor of r and f.
19
Suppose -3*x + 2 = 8. Let r be x + (-1 + 6 - -1). Let b = -6 + 12. Calculate the highest common factor of b and r.
2
Let q(f) = -2*f + 3. Let i be q(-5). What is the greatest common factor of 39 and i?
13
Let w = -15 - -31. Let j be 2 + (-1 - -1)/(-2). Calculate the highest common divisor of j and w.
2
Let r(l) = -l**3 + 19*l**2 + 22*l - 20. Let m be r(20). What is the greatest common factor of m and 30?
10
Let n(q) = -2*q**3 + q**2 + 16*q + 8. Let x be n(-5). What is the highest common factor of x and 29?
29
Let m(d) = 15*d - 6. Let b be m(6). Suppose 7*f - 55 = 29. Calculate the highest common factor of b and f.
12
Suppose 0 = 5*d + 5*j + 23 - 68, -5*d = -4*j - 9. Suppose 7*s - d*s = 2. Calculate the highest common divisor of s and 10.
1
Let c be 24/(-16) - (-6)/4. Let w be (-27)/(-1) - 1 - c. Calculate the highest common divisor of w and 26.
26
Suppose i - 3*i = -2*j - 102, 0 = -2*i - 2*j + 118. Let l be (13*-1)/(2/(-4)). Let m = -15 + l. Calculate the greatest common factor of i and m.
11
Suppose 0 = -4*s + 13*d - 10*d + 11, -5*s + 4*d + 14 = 0. What is the greatest common divisor of 17 and s?
1
Suppose 6*a - 6 = 3*a. Let p = 18 + -2. Calculate the highest common factor of a and p.
2
Let n be 46 + (4 - (2 - 0)). Calculate the highest common divisor of n and 16.
16
Suppose -81 = -2*x + b + 4, -b = 3*x - 130. Suppose -5*n = 3 - x. What is the greatest common factor of n and 16?
8
Let o(t) be the first derivative of -25*t**2/2 - t - 5. Let w be o(-1). What is the greatest common factor of w and 6?
6
Let w be 88/(-11) - (-1 - -4). Let z = w - -13. Let o be 8*(z - 3 - -28). Calculate the highest common factor of o and 24.
24
Suppose 2*p + 840 = 14*p. Calculate the highest common divisor of p and 10.
10
Suppose -2 = 3*b - 4*b. Let l be b - -28 - (8 + -4). Calculate the highest common divisor of l and 39.
13
Let i = -80 + 116. Suppose -2*s + i = 4*t, -3*t + 9 + 33 = 3*s. Let x be 2 + (-2)/((-4)/s). Calculate the highest common divisor of 14 and x.
7
Let o = 40 + 5. Let z = o + -22. What is the greatest common divisor of z and 92?
23
Let p(z) = -9*z - 4 + 3 - 6 + 2*z. Let x be p(-8). What is the greatest common factor of x and 7?
7
Let q(a) = 9*a - 15. Let k be q(-8). Let m be k/(-7) - (-30)/(-70). What is the highest common divisor of 60 and m?
12
Let r = -40 + 50. Calculate the highest common divisor of 20 and r.
10
Let n(z) = z**2 - 4*z - 1. Let l be n(3). Let u be (-86)/l + 4/8. Suppose 2 = -2*s + u. What is the greatest common factor of s and 5?
5
Suppose -5*v + 1 = -b + 2, -v + 46 = 2*b. Let u = b - -15. What is the highest common factor of 18 and u?
18
Let k be -20*((-35)/20 - -1). Calculate the greatest common divisor of 30 and k.
15
Suppose 3*h + 117 = -15. Let r = h + 152. What is the highest common factor of r and 12?
12
Let m = -1 - -2. Suppose w - 5 - 4 = 0. Calculate the greatest common factor of w and m.
1
Let d(p) = -p + 6. Let x be d(1). What is the highest common factor of x and 35?
5
Suppose 0 = 3*n - 4*n + i + 5, i = -4*n + 30. Calculate the highest common divisor of 56 and n.
7
Let u(l) = -l**3 + 7*l**2 + 6. Let d(k) = 7*k - 2. Let i be d(1). Let v be u(i). What is the highest common divisor of 7 and v?
7
Let j be ((-36)/(-6) - 1) + 14. Calculate the highest common divisor of j and 38.
19
Let w(f) = 3*f**2 + 2*f. Let t(s) = s**2 - s. Let z be t(1). Suppose z = -2*u + 5*u - 6. Let h be w(u). Calculate the highest common divisor of 144 and h.
16
Let w(b) = 5*b**2 - 2*b + 1. Suppose 5*q - 6 + 1 = 0. Let r be w(q). Suppose 9 = -3*f + 39. Calculate the greatest common factor of r and f.
2
Let z be 3*(48/(-9) + 2). Let i be (-64)/z - (-6)/(-15). Let s(j) = j**3 - 3*j**2 - 3*j + 7. Let n be s(5). Calculate the greatest common divisor of i and n.
6
Let o be 0 - -3 - (3 + -3). Suppose o*q = -188 + 620. Suppose -4*h - 4 + q = 0. Calculate the greatest common divisor of h and 5.
5
Suppose -5*q + 8*q - 57 = 0. Let n = q + 6. Calculate the greatest common factor of n and 5.
5
Let h = 130 + -82. Calculate the greatest common factor of h and 168.
24
Let w(b) = -78*b + 4. Let k be w(-2). Calculate the highest common factor of k and 64.
32
Let u be (-1*1)/(2/(-48)). Let v(o) = o**2 + 5*o + 8. Let l be v(-6). Let n = u - l. What is the greatest common divisor of n and 70?
10
Let y = 11 - 7. Suppose -4*r + 2*r + 10 = l, 4*l = -y*r + 36. Calculate the greatest common factor of l and 1.
1
Let v be 70/22 - (-2)/(-11). Suppose -3*f - 39 = -v*u, -5*f + 0*f + 95 = 5*u. What is the highest common factor of u and 16?
16
Suppose 507 = 5*n + 67. Let q(o) = o**3 - 6*o**2 - 5*o - 3. Let z be q(7). What is the highest common divisor of z and n?
11
Let b(m) = m + 1. Let s be b(3). Let j be 4260/14 - s/14. Let z be j/40 + (-3)/5. What is the highest common factor of z and 14?
7
Suppose 2*y + 3*q = 0, 5*y - q = -2*q + 13. Suppose 63 = -2*m + 5*m. What is the greatest common factor of m and y?
3
Let f be 1/4 - (-622)/8. Let r be (f/3)/((-1)/(-3)). What is the highest common divisor of r and 52?
26
Let u = 128 + 25. Let s be (-219)/(-13) - (-4)/26. What is the highest common divisor of u and s?
17
Let q = 239 - 142. Let o be 2/(-12) - q/(-6). What is the highest common factor of 8 and o?
8
Let j be (-330)/(-8) + 2/(-8). Suppose 4*y - 4*z = 120, 84 = 4*y - 5*z - j. Calculate the highest common divisor of 150 and y.
25
Let y be 48/20*40/6. Let r be (-2)/6 + (-14)/(-6). What is the highest common factor of r and y?
2
Let g be 3370/40 - (-2)/(-8). Let f be (-24)/(-132) + g/22. Suppose f*h + 11 = 3*u, -5*u + 3*h + h = -21. Calculate the greatest common divisor of u and 15.
5
Suppose 0 = -4*b + 173 + 31. Let m be -2 + b/6*2. Suppose 4*j - i - 35 = 0, 3*j - 2*i - 10 = j. What is the greatest common divisor of j and m?
5
Let w = 3 + 3. Let h be ((-32)/(-12))/(-2)*-3. What is the greatest common factor of w and h?
2
Let o = 4 - 2. Suppose -o*m + 6 - 2 = -t, 0 = -4*m - 5*t + 22. Calculate the highest common factor of m and 21.
3
Let t = 4 - 1. Let y = t + -5. Let l be y/(-9) + (-264)/(-27). What is the highest common divisor of 30 and l?
10
Let u(j) = -j**2 + 11*j + 13. Let s be u(10). Calculate the highest common factor of s and 115.
23
Let y = -188 - -263. Suppose 5*k = -3*v + 97 + 40, -2*k = 2*v - 58. What is the highest common divisor of y and k?
25
Let r(w) = w**2 - 2*w - 4. Let d be r(8). Let t = -24 + 16. Let v = d + t. What is the greatest common factor of v and 12?
12
Let d = -303 - -431. What is the highest common divisor of 16 and d?
16
Let n = -239 - -359. Calculate the highest common factor of n and 48.
24
Suppose -y = 41 - 114. Suppose -4*h = 5*l - 48, 2*l + y = 3*h + 14. Let d = 234 + -98. What is the greatest common divisor of d and h?
17
Let j be -1 - -5 - (3 - 49/7). What is the greatest common factor of 24 and j?
8
Let a be 202 + 3/(-6)*8. Calculate the greatest common factor of 22 and a.
22
Let x be 44/(-2)*(-1)/2. Calculate the greatest common divisor of x and 11.
11
Let o be (16/(-12))/(2/(-33)). What is the highest common factor of 242 and o?
22
Let y = 75 - 65. Calculate the greatest common factor of 5 and y.
5
Suppose 0 = q - 3*q + 94. Suppose -4*u - 11 = -q. Let s = 124 + -70. What is the highest common divisor of s and u?
9
Let f = 33 + -22. Calculate the greatest common factor of 1 and f.
1
Suppose -4*i + 100 = 32. What is the highest common divisor of 68 and i?
17
Let w = -29 - -69. Suppose 5*g = -y + 85, 2*g + 4*y - 12 - w = 0. What is the greatest common divisor of g and 4?
4
Suppose 6*w + 25 = w. Let d(i) = i**2 + i. Let m be d(w). Calculate the greatest common divisor of m and 5.
5
Let f be ((-8)/10)/((-10)/25). Let i(z) = z + 388. Let r be i(0). Suppose q - 3*t + 92 = f*q, 4*q + 2*t = r. Calculate the highest common divisor of q and 14.
14
Let u = 42 + -28. What is the greatest common divisor of 112 and u?
14
Let x(d) = -d**3 - 6*d**2 - 7*d - 6. Let z be x(-5). What is the greatest common divisor of z and 36?
4
Let s be (-27)/(-18)*2/1. Let i be (-11)/(-2) + (-1)/2. Suppose -i*q = -5*v - 70, -2*v = 5*q + 3*v - 50. What is the greatest comm